t the prime factors of w.
2, 7
Let i be (-98)/28*(-64)/14. Let a(t) = t**3 - 10*t**2 - 22*t + 86. What are the prime factors of a(i)?
2, 5, 127
Let g = 25329 - 12059. List the prime factors of g.
2, 5, 1327
Let r be -5*((-35)/25 + 3). Let j(t) = -3*t - 20. Let f be j(r). Suppose f*p - 220 = -4*m, -6*m = -m - p - 251. What are the prime factors of m?
3, 17
Let v(i) = 21*i**2 - 8*i - 10. Let k be v(-5). Let a = -320 + k. List the prime factors of a.
5, 47
Suppose 3*k = 22*b - 17*b + 21988, 0 = 4*k - 3*b - 29332. List the prime factors of k.
2, 7, 131
Let m(s) = 2*s**2 - 79*s - 1328. What are the prime factors of m(90)?
2, 3881
Suppose -778 = -5*h + 182. Suppose -4*n + 4*w + h = 0, -3*n + 72 = -w - 80. What are the prime factors of n?
2, 13
Suppose -80 = 12*j - 20*j. Let b(d) = d**3 - 9*d**2 - 3*d - 20. Let k be b(j). Suppose -p + 76 = l, 5*l + k = 5*p + 470. List the prime factors of l.
2, 5
Suppose -1345*t + 1317*t = -569324. What are the prime factors of t?
20333
Let n = -83 - -80. Let y be (n/2)/(12/(-1112)). Suppose -3*j + 266 = -4*r, -j + y = j + 5*r. List the prime factors of j.
2, 41
Suppose 913319 + 45276 = 59*d + 109703. List the prime factors of d.
2, 3, 11, 109
Suppose -15 = 8*i + 9. Let b(g) = -17*g**2 - g - 1. Let t be b(i). Let k = t + 223. What are the prime factors of k?
2, 3
Suppose 1396*f + 29570 = 1401*f. List the prime factors of f.
2, 2957
Let z be (30/(-45))/((-2)/(-36)). Let u = -9 - z. Suppose -2*s - u*s = -115. What are the prime factors of s?
23
Suppose 0 = -4*p - 27875 + 82767. What are the prime factors of p?
13723
Let v be (1 - -6)*(-2 - -117). Let s = 1680 - v. What are the prime factors of s?
5, 7
Suppose -16*x - 462 = -18*x. List the prime factors of (4/(-22) - 112/x)*-198.
2, 3, 11
Let l(k) = -k**3 + 11*k**2 + 10*k + 23. Let q be l(12). Let o = -95 + 91. What are the prime factors of (-1)/o*(-388)/q*1?
97
Let p be (4/3)/((-10)/8265). Let g = 1955 + p. List the prime factors of g.
853
Suppose -5*x = 2*v - 23, 2*v + 0*x - 2*x = 2. Let o be (v + -2)/(-2)*-7. What are the prime factors of ((-4)/7 + 11/o)*49?
7
What are the prime factors of 7 - ((-48)/8 - -2)*9029?
3, 12041
Suppose 496170 + 194666 = 189*j - 1818139. What are the prime factors of j?
3, 5, 59
Let o(c) = 27*c**3 - c**2 + 1. Let i be o(-1). Let s = -30 - i. What are the prime factors of 1 + 0 + 166 + (s - -4)?
2, 3, 7
List the prime factors of 189/(-14)*2*3714/(-18).
3, 619
Let g(t) = -t**2 + 11*t - 12. Let f be g(3). Suppose 10*r + f*r = 12936. What are the prime factors of r?
2, 3, 7
Let l = -26 - -28. Let p be (l/(-7) + (-184)/(-7))*1. Suppose 4*w - 18 - p = 0. What are the prime factors of w?
11
Let q = -275 + 366. Let k(u) = u**3 + 9*u**2 + 2*u - 10. Let f be k(-9). Let t = f + q. List the prime factors of t.
3, 7
Suppose h = 4*a + 20, -3*h + 0*a = -5*a - 25. Let i be (1 - (-1 - h)) + -208. Let w = i - -338. List the prime factors of w.
2, 3, 11
Suppose 15*k = -113*k + 3556992. List the prime factors of k.
3, 59, 157
Suppose 0*u = -2*u - 66. Let k(z) = -z**3 - 10*z**2 + 28*z + 123. Let a be k(-11). Let i = u - a. What are the prime factors of i?
31
Let y = 13 - 2. Suppose -10*g = 3*g - 117. Suppose y*f = g*f + 198. What are the prime factors of f?
3, 11
List the prime factors of (-1330)/380 + 25266/4.
59, 107
Let q(o) = o**3 + 13*o**2 + 16*o + 31. Let v be (15 - -35)*(-3)/(-5). Suppose -v = 3*s - 0*s. List the prime factors of q(s).
3, 19
Let y(i) = 2*i**2 - 16*i - 18. Let r be y(9). Suppose r = -3*h + 6*h - 12. Suppose 0 = 7*g - h*g - 126. What are the prime factors of g?
2, 3, 7
Suppose 158 = 7*p + 228. Let f(t) = t**3 + 12*t**2 - 43*t - 17. List the prime factors of f(p).
613
Suppose 63*p = -47*p + 212520. What are the prime factors of p?
2, 3, 7, 23
Let v(f) = 3*f**2 - 20*f - 12. Let b be v(7). What are the prime factors of (-2 - 252)*((-1 - -5) + b)?
2, 127
Suppose -208505 - 5504 = -20*t + 152731. List the prime factors of t.
11, 1667
Let y = -47732 + 67294. What are the prime factors of y?
2, 9781
Let a(p) = 10*p + 80. Let j be a(-8). Suppose -4*x + 677 = -g, 3*x + 3*g - g - 516 = j. List the prime factors of x.
2, 5, 17
Suppose -5*t + 4*a + 172306 = 0, -486*a + 481*a = 4*t - 137853. What are the prime factors of t?
2, 17231
Let j be (-2)/(-7) + (-234)/(-63). Suppose 58 = j*n - 46. Let t = n - 10. What are the prime factors of t?
2
Let h = -26141 - -37011. List the prime factors of h.
2, 5, 1087
Let x = -235 + 257. What are the prime factors of 2 - x*125/(-10)?
277
Suppose 0 = 3*m - q + 70, -41 = m - 5*q + 1. What are the prime factors of m*(-6 - 245/14)?
11, 47
Suppose -3*y - q = -6*y + 332, 3*y + 5*q - 302 = 0. Suppose 45 = -16*o + y. List the prime factors of 6/o + (-2783)/(-22).
2
Suppose d = 5*m + 69697, -3*m + 24770 = d - 44863. What are the prime factors of d?
3, 7, 31, 107
Suppose -17 + 31 = 2*y. Suppose 3*k - 368 = y*k. Let a = k + 167. List the prime factors of a.
3, 5
Let d(x) be the first derivative of x**4/4 - 17*x**3/3 - 23*x**2 - 32*x + 87. List the prime factors of d(20).
2, 31
Suppose -5*z - 16 = -6. What are the prime factors of ((-392)/(-6) + z)/((-10)/(-120))?
2, 5, 19
Let m(w) = w**3 - 3*w**2 - 8*w - 18. Let l(a) = 2*a**2 - 13*a + 14. Let k be l(6). What are the prime factors of m(k)?
2, 7, 17
Suppose 87*i - 254692 = 161074 + 1293610. List the prime factors of i.
2, 307
Let m be -4*(0 - 0 - (-6041)/(-14)). Suppose 3*d - q + m = 7*d, -3*d - 3*q + 1299 = 0. List the prime factors of d.
431
Let x(r) = -r**2 + 6*r + 12. Let a be x(7). Suppose 0 = -i + 4*d - 18, 2*i - 7*i - a = -3*d. Suppose -122 - 74 = -i*s. List the prime factors of s.
2, 7
Let m = 431 + 10. Suppose -5*r = -234 - m. What are the prime factors of r?
3, 5
Suppose -4*j - 2*n = j + 159, 3*n - 42 = j. Let s = j + 349. Let o = s - 145. List the prime factors of o.
3, 19
Suppose -5*q + 6*q = 5*g + 8013, 5*q + 4*g = 40065. List the prime factors of q.
3, 2671
Let s = 7574 - 5247. Suppose 3*y - 3481 = -6*n + n, 0 = 2*y - 3*n - s. List the prime factors of y.
2, 7, 83
Let s = -155 - -218. Let z be 46/(-5) + (-4 - s/(-15)). What are the prime factors of 1680/27 - (1 + 7/z)?
2, 31
Let x(b) = 6*b**3 - 10*b + 2. Let p = -118 - -121. List the prime factors of x(p).
2, 67
Let c(s) = 89*s**2 - 26*s + 32. List the prime factors of c(11).
3, 5, 701
Let x(p) = -p**2 - 3*p + 39. Let y(v) = 2*v - 20. Let j(n) = -6*x(n) - 13*y(n). List the prime factors of j(-9).
2, 73
Let c = -8995 - -16995. List the prime factors of c.
2, 5
Let v(a) = -1162*a + 4. List the prime factors of v(-5).
2, 3, 17, 19
Let h be 3/(120/104)*5. Suppose -h*u - 3600 = -19*u. What are the prime factors of u?
2, 3, 5
Suppose -4*n + 1840 = -884. Let h = n + -475. What are the prime factors of h?
2, 103
Suppose 4*m = -3*a + 25548, 0 = -7*a - 0*a + 4*m + 59572. What are the prime factors of a?
2, 7, 19
Let s = -26 + 31. Let y(u) = 3*u**2 - 10*u + 15. Let h be y(s). Let q = -19 + h. What are the prime factors of q?
3, 7
Suppose 0 = -1893*l + 1815*l + 3253536. What are the prime factors of l?
2, 3, 11, 79
Suppose 4*p - n - 48386 = 0, -5*p + 13*n = 10*n - 60472. List the prime factors of p.
2, 23, 263
Suppose 0 = -4*x + 12 + 8. Let a be (4 + 1)*(-8)/x. Let k(z) = z**2 - 2*z + 4. List the prime factors of k(a).
2, 3, 7
Suppose 2*c + 28*u - 75234 = 24*u, -5*u + 75236 = 2*c. What are the prime factors of c?
29, 1297
Suppose -2*m - 40 + 30 = 0. Let q be 2*m/(25/(-10)). List the prime factors of (1250/30 - q/6)*1.
41
Let w = -63 + 98. Suppose -3*c - 90 = 4*j, 0 = 3*c - 2*c + 3*j + w. Let l = c + 98. What are the prime factors of l?
2, 3
Suppose 460506 = 105*v - 92319. List the prime factors of v.
3, 5, 13
Let b = 9393 + 23197. List the prime factors of b.
2, 5, 3259
Suppose -5*g + 0*m = -m + 2749, -4*g - 2*m - 2202 = 0. Let a = g + 1429. What are the prime factors of a?
3, 293
Let g be (0 + 20)*-1*14/35. List the prime factors of (194/g*10)/((-6)/12).
5, 97
Suppose 369880 + 399740 = 24*j + 225204. List the prime factors of j.
2, 53, 107
Suppose 0 = c - 8 - 18. Suppose c*z = 30*z + 560. Let l = -43 - z. What are the prime factors of l?
97
Let u = -6 - -37. Let c = 6 + u. Let b = 89 - c. List the prime factors of b.
2, 13
Let d(g) = g**3 + 5*g**2 - 4*g + 13. Let o be d(-6). Let l(s) = -3*s - s - o - 5 - 7. List the prime